{"id":122,"date":"2020-09-01T12:07:12","date_gmt":"2020-09-01T12:07:12","guid":{"rendered":"https:\/\/www.1927.es\/?page_id=122"},"modified":"2021-10-28T18:13:21","modified_gmt":"2021-10-28T18:13:21","slug":"about-me","status":"publish","type":"page","link":"https:\/\/www.1927.es\/index.php\/about-me\/","title":{"rendered":"Sobre mi \/ About me."},"content":{"rendered":"\t\t<div data-elementor-type=\"wp-page\" data-elementor-id=\"122\" class=\"elementor elementor-122\" data-elementor-settings=\"[]\">\n\t\t\t<div class=\"elementor-inner\">\n\t\t\t\t<div class=\"elementor-section-wrap\">\n\t\t\t\t\t\t\t<section class=\"elementor-element elementor-element-65f1cae1 elementor-section-boxed elementor-section-height-default elementor-section-height-default elementor-section elementor-top-section\" data-id=\"65f1cae1\" data-element_type=\"section\">\n\t\t\t\t\t\t<div class=\"elementor-container elementor-column-gap-default\">\n\t\t\t\t<div class=\"elementor-row\">\n\t\t\t\t<div class=\"elementor-element elementor-element-183ea4f elementor-column elementor-col-100 elementor-top-column\" data-id=\"183ea4f\" data-element_type=\"column\">\n\t\t\t<div class=\"elementor-column-wrap  elementor-element-populated\">\n\t\t\t\t\t<div class=\"elementor-widget-wrap\">\n\t\t\t\t<div class=\"elementor-element elementor-element-13620cdf elementor-widget elementor-widget-text-editor\" data-id=\"13620cdf\" data-element_type=\"widget\" data-widget_type=\"text-editor.default\">\n\t\t\t\t<div class=\"elementor-widget-container\">\n\t\t\t\t\t<div class=\"elementor-text-editor elementor-clearfix\"><!-- wp:image {\"id\":124,\"width\":1086,\"height\":732,\"sizeSlug\":\"large\"} -->\n<figure class=\"wp-block-image size-large is-resized\"><img loading=\"lazy\" src=\"https:\/\/www.1927.es\/wp-content\/uploads\/2020\/09\/quienes-somos-1024x691.jpg\" alt=\"\" class=\"wp-image-124\" width=\"1086\" height=\"732\" srcset=\"https:\/\/www.1927.es\/wp-content\/uploads\/2020\/09\/quienes-somos-1024x691.jpg 1024w, https:\/\/www.1927.es\/wp-content\/uploads\/2020\/09\/quienes-somos-300x203.jpg 300w, https:\/\/www.1927.es\/wp-content\/uploads\/2020\/09\/quienes-somos-768x518.jpg 768w, https:\/\/www.1927.es\/wp-content\/uploads\/2020\/09\/quienes-somos.jpg 1200w\" sizes=\"(max-width: 1086px) 100vw, 1086px\" \/><figcaption><strong>Sergio Bonilla Espinosa<\/strong><br><br>Nacido en Barcelona y vivido en Granada, Bruselas, Paris y algunos sitios m\u00e1s. Tengo formaci\u00f3n de Arquitecto t\u00e9cnico en la universidad de Granada y de Dise\u00f1o y Animaci\u00f3n en Eina y Fact D\u00b4art (BCN). He trabajado por y para productoras como Tons of Toons, Neptuno films y Das Werk, en series para television como Lmn\u00b4s, Bandolero, Tom y 2020. Con ID Creations (Shangai) en proyectos para clientes como la NBA y <br>PostNL. Me muevo entre la Ilustraci\u00f3n, el dise\u00f1o gr\u00e1fico y la animaci\u00f3n 2d. Como freelance he realizado proyectos de identidad corporativa para marcas nacionales e internacionales, murales en varias ciudades y he impartido cursos y talleres en festivales y universidades como el festival Moments en malaga y La Cambre en Bruselas.<br><br><\/figcaption><\/figure>\n<!-- \/wp:image -->\n\n<!-- wp:paragraph -->\n<p><\/p>\n<!-- \/wp:paragraph --><\/div>\n\t\t\t\t<\/div>\n\t\t\t\t<\/div>\n\t\t\t\t\t\t<\/div>\n\t\t\t<\/div>\n\t\t<\/div>\n\t\t\t\t\t\t<\/div>\n\t\t\t<\/div>\n\t\t<\/section>\n\t\t\t\t\t\t<\/div>\n\t\t\t<\/div>\n\t\t<\/div>\n\t\t","protected":false},"excerpt":{"rendered":"","protected":false},"author":1,"featured_media":0,"parent":0,"menu_order":0,"comment_status":"closed","ping_status":"closed","template":"","meta":{"site-sidebar-layout":"default","site-content-layout":"default","ast-main-header-display":"","ast-hfb-above-header-display":"","ast-hfb-mobile-header-display":"","site-post-title":"","ast-breadcrumbs-content":"","ast-featured-img":"","footer-sml-layout":"","theme-transparent-header-meta":"default","adv-header-id-meta":"","stick-header-meta":"","header-above-stick-meta":"","header-main-stick-meta":"","header-below-stick-meta":""},"_links":{"self":[{"href":"https:\/\/www.1927.es\/index.php\/wp-json\/wp\/v2\/pages\/122"}],"collection":[{"href":"https:\/\/www.1927.es\/index.php\/wp-json\/wp\/v2\/pages"}],"about":[{"href":"https:\/\/www.1927.es\/index.php\/wp-json\/wp\/v2\/types\/page"}],"author":[{"embeddable":true,"href":"https:\/\/www.1927.es\/index.php\/wp-json\/wp\/v2\/users\/1"}],"replies":[{"embeddable":true,"href":"https:\/\/www.1927.es\/index.php\/wp-json\/wp\/v2\/comments?post=122"}],"version-history":[{"count":4,"href":"https:\/\/www.1927.es\/index.php\/wp-json\/wp\/v2\/pages\/122\/revisions"}],"predecessor-version":[{"id":186,"href":"https:\/\/www.1927.es\/index.php\/wp-json\/wp\/v2\/pages\/122\/revisions\/186"}],"wp:attachment":[{"href":"https:\/\/www.1927.es\/index.php\/wp-json\/wp\/v2\/media?parent=122"}],"curies":[{"name":"wp","href":"https:\/\/api.w.org\/{rel}","templated":true}]}}